mainder when 2435 is divided by 98.
83
What is the remainder when 66 is divided by 34?
32
Calculate the remainder when 847 is divided by 16.
15
What is the remainder when 200 is divided by 195?
5
What is the remainder when 1792 is divided by 23?
21
Calculate the remainder when 857 is divided by 842.
15
What is the remainder when 29 is divided by 4?
1
Calculate the remainder when 3098 is divided by 182.
4
What is the remainder when 296 is divided by 154?
142
What is the remainder when 829 is divided by 83?
82
What is the remainder when 957 is divided by 4?
1
What is the remainder when 1625 is divided by 271?
270
Calculate the remainder when 33 is divided by 11.
0
What is the remainder when 368 is divided by 12?
8
What is the remainder when 1622 is divided by 1620?
2
What is the remainder when 2741 is divided by 37?
3
Calculate the remainder when 1542 is divided by 262.
232
Calculate the remainder when 637 is divided by 634.
3
What is the remainder when 2804 is divided by 187?
186
What is the remainder when 57 is divided by 3?
0
Calculate the remainder when 391 is divided by 49.
48
What is the remainder when 63 is divided by 18?
9
What is the remainder when 289 is divided by 46?
13
What is the remainder when 140 is divided by 29?
24
What is the remainder when 1038 is divided by 322?
72
What is the remainder when 2012 is divided by 33?
32
Calculate the remainder when 18952 is divided by 17.
14
What is the remainder when 10 is divided by 3?
1
Calculate the remainder when 34 is divided by 16.
2
What is the remainder when 314 is divided by 271?
43
What is the remainder when 75 is divided by 30?
15
What is the remainder when 165 is divided by 77?
11
Calculate the remainder when 29 is divided by 5.
4
Calculate the remainder when 940 is divided by 37.
15
Calculate the remainder when 34 is divided by 8.
2
What is the remainder when 452 is divided by 239?
213
Calculate the remainder when 218 is divided by 1.
0
What is the remainder when 216 is divided by 76?
64
Calculate the remainder when 197 is divided by 100.
97
Calculate the remainder when 8436 is divided by 89.
70
What is the remainder when 164 is divided by 96?
68
Calculate the remainder when 3352 is divided by 112.
104
Calculate the remainder when 181 is divided by 90.
1
Calculate the remainder when 109 is divided by 23.
17
What is the remainder when 770 is divided by 4?
2
What is the remainder when 34 is divided by 31?
3
Calculate the remainder when 1341 is divided by 439.
24
Calculate the remainder when 1720 is divided by 75.
70
Calculate the remainder when 482 is divided by 21.
20
What is the remainder when 163 is divided by 58?
47
What is the remainder when 277 is divided by 94?
89
What is the remainder when 2052 is divided by 16?
4
What is the remainder when 130 is divided by 23?
15
Calculate the remainder when 133 is divided by 66.
1
Calculate the remainder when 537 is divided by 97.
52
Calculate the remainder when 539 is divided by 54.
53
What is the remainder when 190 is divided by 28?
22
What is the remainder when 200 is divided by 34?
30
Calculate the remainder when 169 is divided by 82.
5
Calculate the remainder when 58 is divided by 20.
18
What is the remainder when 495 is divided by 166?
163
What is the remainder when 11468 is divided by 74?
72
Calculate the remainder when 14600 is divided by 93.
92
Calculate the remainder when 1643 is divided by 547.
2
Calculate the remainder when 7500 is divided by 61.
58
What is the remainder when 2308 is divided by 34?
30
What is the remainder when 431 is divided by 160?
111
What is the remainder when 53 is divided by 41?
12
What is the remainder when 1642 is divided by 277?
257
What is the remainder when 159 is divided by 36?
15
What is the remainder when 547 is divided by 61?
59
What is the remainder when 486 is divided by 122?
120
Calculate the remainder when 799 is divided by 51.
34
Calculate the remainder when 1427 is divided by 99.
41
What is the remainder when 296 is divided by 49?
2
What is the remainder when 56 is divided by 52?
4
What is the remainder when 39 is divided by 24?
15
Calculate the remainder when 902 is divided by 33.
11
Calculate the remainder when 337 is divided by 43.
36
Calculate the remainder when 307 is divided by 31.
28
Calculate the remainder when 93 is divided by 4.
1
What is the remainder when 89 is divided by 15?
14
What is the remainder when 131 is divided by 58?
15
What is the remainder when 805 is divided by 25?
5
Calculate the remainder when 204 is divided by 39.
9
Calculate the remainder when 269 is divided by 101.
67
What is the remainder when 263 is divided by 5?
3
What is the remainder when 777 is divided by 15?
12
Calculate the remainder when 139 is divided by 40.
19
Calculate the remainder when 235 is divided by 34.
31
Calculate the remainder when 255 is divided by 251.
4
What is the remainder when 141 is divided by 31?
17
Calculate the remainder when 242 is divided by 58.
10
Calculate the remainder when 182 is divided by 23.
21
What is the remainder when 298 is divided by 292?
6
Calculate the remainder when 156 is divided by 89.
67
What is the remainder when 1237 is divided by 392?
61
What is the remainder when 119 is divided by 41?
37
Calculate the remainder when 3430 is divided by 78.
76
Calculate the remainder when 384 is divided by 180.
24
What is the remainder when 555 is divided by 18?
15
Calculate the remainder when 837 is divided by 60.
57
Calculate the remainder when 405 is divided by 11.
9
What is the remainder when 293 is divided by 20?
13
What is the remainder when 94 is divided by 34?
26
What is the remainder when 4283 is divided by 63?
62
Calculate the remainder when 40 is divided by 26.
14
Calculate the remainder when 736 is divided by 34.
22
What is the remainder when 840 is divided by 202?
32
What is the remainder when 11094 is divided by 292?
290
Calculate the remainder when 465 is divided by 36.
33
Calculate the remainder when 47 is divided by 19.
9
Calculate the remainder when 346 is divided by 181.
165
Calculate the remainder when 267 is divided by 95.
77
What is the remainder when 120 is divided by 3?
0
Calculate the remainder when 632 is divided by 49.
44
Calculate the remainder when 348 is divided by 91.
75
Calculate the remainder when 3144 is divided by 28.
8
What is the remainder when 509 is divided by 19?
15
What is the remainder when 321 is divided by 12?
9
Calculate the remainder when 313 is divided by 56.
33
What is the remainder when 206 is divided by 15?
11
Calculate the remainder when 34 is divided by 30.
4
What is the remainder when 739 is divided by 246?
1
Calculate the remainder when 13349 is divided by 50.
49
What is the remainder when 3636 is divided by 20?
16
Calculate the remainder when 40 is divided by 24.
16
Calculate the remainder when 757 is divided by 163.
105
What is the remainder when 139 is divided by 5?
4
What is the remainder when 615 is divided by 170?
105
Calculate the remainder when 21 is divided by 19.
2
What is the remainder when 484 is divided by 1?
0
Calculate the remainder when 986 is divided by 21.
20
What is the remainder when 526 is divided by 30?
16
What is the remainder when 271 is divided by 38?
5
Calculate the remainder when 209 is divided by 42.
41
What is the remainder when 394 is divided by 129?
7
What is the remainder when 1285 is divided by 423?
16
Calculate the remainder when 222 is divided by 57.
51
What is the remainder when 119 is divided by 5?
4
What is the remainder when 265 is divided by 28?
13
What is the remainder when 23560 is divided by 187?
185
What is the remainder when 89 is divided by 7?
5
Calculate the remainder when 28 is divided by 2.
0
Calculate the remainder when 155 is divided by 32.
27
Calculate the remainder when 187 is divided by 15.
7
Calculate the remainder when 649 is divided by 54.
1
What is the remainder when 71 is divided by 21?
8
What is the remainder when 347 is divided by 114?
5
Calculate the remainder when 1459 is divided by 19.
15
Calculate the remainder when 40 is divided by 35.
5
Calculate the remainder when 668 is divided by 170.
158
Calculate the remainder when 699 is divided by 20.
19
What is the remainder when 191 is divided by 98?
93
What is the remainder when 48 is divided by 15?
3
What i